me factors of 204428082.
2, 3, 97, 197, 1783
What are the prime factors of 100310737?
37, 47, 1559
What are the prime factors of 2735601146?
2, 29, 653, 72229
List the prime factors of 1314118261.
19, 47, 223, 6599
List the prime factors of 722638186.
2, 191, 571, 3313
List the prime factors of 97974851.
13, 7536527
List the prime factors of 601161464.
2, 75145183
What are the prime factors of 806176279?
5779, 139501
List the prime factors of 170071740.
2, 3, 5, 17, 55579
What are the prime factors of 1676311193?
179, 9364867
What are the prime factors of 4857959687?
7, 31, 67, 334133
What are the prime factors of 213276840?
2, 3, 5, 7, 253901
What are the prime factors of 51181052?
2, 13, 89, 11059
List the prime factors of 33483544.
2, 647, 6469
List the prime factors of 105318646.
2, 977, 53899
List the prime factors of 85824823.
7, 17, 197, 523
What are the prime factors of 4964158455?
3, 5, 330943897
What are the prime factors of 1087838099?
12583, 86453
List the prime factors of 15259501.
15259501
List the prime factors of 274569509.
137, 1181, 1697
List the prime factors of 19668098.
2, 73, 107, 1259
What are the prime factors of 2219673015?
3, 5, 7, 7046581
What are the prime factors of 55276523?
29, 1906087
What are the prime factors of 16091070?
2, 3, 5, 59, 9091
What are the prime factors of 2238384524?
2, 967, 578693
What are the prime factors of 42048460?
2, 5, 883, 2381
List the prime factors of 1390359080.
2, 5, 11, 3159907
List the prime factors of 51527044.
2, 211, 61051
What are the prime factors of 41094128?
2, 853, 3011
List the prime factors of 1750224671.
13, 53, 15031
What are the prime factors of 735901744?
2, 23, 1999733
What are the prime factors of 36795641?
36795641
List the prime factors of 110955050.
2, 5, 43, 51607
List the prime factors of 182833156.
2, 11, 1543, 2693
What are the prime factors of 140704121?
17, 8276713
What are the prime factors of 138996943?
138996943
What are the prime factors of 41987281?
7, 239, 25097
What are the prime factors of 5513937036?
2, 3, 101, 4549453
List the prime factors of 9388172.
2, 2347043
What are the prime factors of 56629717?
2843, 19919
What are the prime factors of 535551712?
2, 16735991
What are the prime factors of 2936500739?
1973, 1488343
What are the prime factors of 391494494?
2, 195747247
What are the prime factors of 763627592?
2, 7, 13, 331, 3169
List the prime factors of 38700123.
3, 7, 11, 29, 53, 109
List the prime factors of 115939609.
17, 6819977
What are the prime factors of 787455411?
3, 262485137
List the prime factors of 36348953.
701, 51853
What are the prime factors of 69980770?
2, 5, 29, 241313
What are the prime factors of 189307217?
11, 61, 282127
What are the prime factors of 120881900?
2, 5, 17, 211, 337
What are the prime factors of 196273455?
3, 5, 7, 1869271
List the prime factors of 221675196.
2, 3, 23, 803171
List the prime factors of 39262120.
2, 5, 31, 31663
List the prime factors of 13915062.
2, 3, 7, 110437
What are the prime factors of 74670483?
3, 24890161
List the prime factors of 1430719735.
5, 311, 653, 1409
List the prime factors of 5784624361.
23, 251505407
What are the prime factors of 2056332080?
2, 5, 11, 79, 2689
What are the prime factors of 404754675?
3, 5, 13, 415133
List the prime factors of 235135575.
3, 5, 101, 3449
What are the prime factors of 116324517?
3, 19, 2040781
What are the prime factors of 1498706596?
2, 374676649
What are the prime factors of 646807289?
646807289
What are the prime factors of 4097533185?
3, 5, 59, 71, 21737
List the prime factors of 1070589282.
2, 3, 7, 25490221
List the prime factors of 264176674.
2, 132088337
List the prime factors of 435797922.
2, 3, 7, 10376141
List the prime factors of 175094823.
3, 19, 3071839
List the prime factors of 1682306900.
2, 5, 73, 230453
What are the prime factors of 2049635107?
13, 17, 545551
What are the prime factors of 185037019?
185037019
List the prime factors of 869131079.
19, 41, 1115701
What are the prime factors of 37787022?
2, 3, 7, 13, 17, 23, 59
What are the prime factors of 2951121528?
2, 3, 17, 269, 8963
What are the prime factors of 342683416?
2, 17, 2519731
List the prime factors of 471200716.
2, 7, 16828597
List the prime factors of 411219421.
53, 7758857
List the prime factors of 88459051.
491, 180161
What are the prime factors of 115479813?
3, 193, 199447
What are the prime factors of 834430813?
31, 443, 60761
What are the prime factors of 2018018810?
2, 5, 43, 4693067
What are the prime factors of 967741713?
3, 107526857
List the prime factors of 1892886205.
5, 7, 3803, 14221
List the prime factors of 68572768.
2, 11, 194809
List the prime factors of 5248428330.
2, 3, 5, 19, 9207769
List the prime factors of 65499564.
2, 3, 13, 293, 1433
What are the prime factors of 2776672640?
2, 5, 7, 619793
What are the prime factors of 1184913205?
5, 7, 277, 122219
What are the prime factors of 5042958?
2, 3, 353, 2381
What are the prime factors of 144309841?
13, 587, 18911
What are the prime factors of 668521004?
2, 19, 397, 22157
List the prime factors of 2019356322.
2, 3, 17, 61, 491, 661
What are the prime factors of 24439275?
3, 5, 7, 59, 263
List the prime factors of 494128865.
5, 101, 978473
What are the prime factors of 39516261?
3, 13172087
What are the prime factors of 51655228?
2, 181, 71347
List the prime factors of 1150030725.
3, 5, 991, 15473
List the prime factors of 79066172.
2, 19766543
List the prime factors of 605811659.
439, 1379981
What are the prime factors of 18971711?
11, 17, 23, 401
What are the prime factors of 3069673831?
7, 438524833
List the prime factors of 6652503290.
2, 5, 53, 12551893
List the prime factors of 4486335386.
2, 13, 937, 184153
List the prime factors of 48366325.
5, 7, 313, 883
List the prime factors of 7968184.
2, 7, 20327
What are the prime factors of 3733133272?
2, 11, 107, 449, 883
List the prime factors of 39742916.
2, 9935729
What are the prime factors of 1729018777?
43, 59, 681521
List the prime factors of 34476643.
599, 57557
List the prime factors of 991588794.
2, 3, 7, 61, 55291
List the prime factors of 117424096.
2, 173, 21211
List the prime factors of 7353211.
29, 227, 1117
What are the prime factors of 5728011760?
2, 5, 1153, 62099
List the prime factors of 93472782.
2, 3, 13, 23, 52103
List the prime factors of 680540731.
13, 52349287
List the prime factors of 669521576.
2, 179, 467543
What are the prime factors of 313984588?
2, 199, 394453
What are the prime factors of 68292432?
2, 3, 13, 191
List the prime factors of 46314762.
2, 3, 13, 101, 5879
What are the prime factors of 48841689?
3, 13, 1019, 1229
List the prime factors of 401287679.
13, 181, 199, 857
List the prime factors of 52683924.
2, 3, 4390327
List the prime factors of 199758405.
3, 5, 7, 11, 97, 1783
What are the prime factors of 79896269?
31, 2577299
List the prime factors of 32689141.
23, 1421267
List the prime factors of 228806477.
10259, 22303
What are the prime factors of 86534388?
2, 3, 79, 30427
What are the prime factors of 200426854?
2, 37, 1129, 2399
What are the prime factors of 5899131?
3, 7, 93637
What are the prime factors of 88531813?
439, 201667
What are the prime factors of 165679387?
43, 3853009
What are the prime factors of 24778661?
24778661
List the prime factors of 31108843.
1249, 24907
What are the prime factors of 1491786574?
2, 601, 1241087
What are the prime factors of 633945044?
2, 23, 43, 191, 839
What are the prime factors of 397875377?
307, 1296011
What are the prime factors of 234890552?
2, 13, 547, 4129
What are the prime factors of 48134101?
23, 191, 10957
List the prime factors of 638875733.
638875733
What are the prime factors of 190364415?
3, 5, 12690961
What are the prime factors of 156560058?
2, 3, 41, 212141
List the prime factors of 3117890.
2, 5, 167, 1867
What are the prime factors of 1782364942?
2, 103, 8652257
What are the prime factors of 64890614?
2, 32445307
What are the prime factors of 195856892?
2, 7, 11, 57809
What are the prime factors of 178125382?
2, 3457, 25763
What are the prime factors of 929822999?
7, 132831857
List the prime factors of 2311026726.
2, 3, 385171121
List the prime factors of 1343016828.
2, 3, 23, 41, 13187
What are the prime factors of 1249344363?